7091 is divided by 812?
595
Calculate the remainder when 46142 is divided by 2189.
173
Calculate the remainder when 1441 is divided by 41.
6
What is the remainder when 3627 is divided by 602?
15
Calculate the remainder when 67846 is divided by 754.
740
What is the remainder when 866 is divided by 48?
2
What is the remainder when 465614 is divided by 446?
436
What is the remainder when 5458 is divided by 2726?
6
Calculate the remainder when 2795 is divided by 568.
523
Calculate the remainder when 32609 is divided by 21.
17
What is the remainder when 2481 is divided by 1109?
263
What is the remainder when 104379 is divided by 665?
639
What is the remainder when 54266 is divided by 54172?
94
Calculate the remainder when 40576 is divided by 140.
116
What is the remainder when 1198 is divided by 149?
6
Calculate the remainder when 5317 is divided by 47.
6
What is the remainder when 5492 is divided by 496?
36
What is the remainder when 9636 is divided by 3193?
57
What is the remainder when 5596 is divided by 527?
326
What is the remainder when 9995 is divided by 4670?
655
Calculate the remainder when 12316 is divided by 6147.
22
Calculate the remainder when 9368 is divided by 399.
191
What is the remainder when 299201 is divided by 99731?
8
What is the remainder when 12031 is divided by 1002?
7
What is the remainder when 1968 is divided by 146?
70
Calculate the remainder when 177993 is divided by 97.
95
Calculate the remainder when 532 is divided by 20.
12
Calculate the remainder when 181170 is divided by 296.
18
Calculate the remainder when 11130 is divided by 1268.
986
Calculate the remainder when 45752 is divided by 221.
5
Calculate the remainder when 114291 is divided by 188.
175
Calculate the remainder when 195887 is divided by 32647.
5
Calculate the remainder when 312586 is divided by 883.
4
What is the remainder when 8513 is divided by 2405?
1298
Calculate the remainder when 14279 is divided by 4731.
86
What is the remainder when 74903 is divided by 211?
209
Calculate the remainder when 8888 is divided by 114.
110
Calculate the remainder when 5135 is divided by 204.
35
What is the remainder when 31406 is divided by 849?
842
What is the remainder when 3789 is divided by 872?
301
What is the remainder when 10031 is divided by 3207?
410
Calculate the remainder when 1493 is divided by 739.
15
Calculate the remainder when 53719 is divided by 133.
120
What is the remainder when 12404 is divided by 66?
62
Calculate the remainder when 20761 is divided by 20759.
2
What is the remainder when 525208 is divided by 65649?
16
What is the remainder when 9413 is divided by 344?
125
Calculate the remainder when 38205 is divided by 122.
19
Calculate the remainder when 46187 is divided by 19.
17
What is the remainder when 1449 is divided by 59?
33
What is the remainder when 15535 is divided by 141?
25
Calculate the remainder when 24871 is divided by 1080.
31
What is the remainder when 43909 is divided by 128?
5
Calculate the remainder when 82 is divided by 50.
32
Calculate the remainder when 26020 is divided by 1002.
970
What is the remainder when 215 is divided by 165?
50
What is the remainder when 4838 is divided by 4825?
13
What is the remainder when 2478 is divided by 1687?
791
Calculate the remainder when 27635 is divided by 121.
47
Calculate the remainder when 56756 is divided by 31.
26
What is the remainder when 154505 is divided by 1073?
1066
What is the remainder when 151797 is divided by 21684?
9
What is the remainder when 4997 is divided by 1236?
53
What is the remainder when 2894 is divided by 2874?
20
Calculate the remainder when 285217 is divided by 95069.
10
What is the remainder when 1141919 is divided by 44?
31
What is the remainder when 1923883 is divided by 79?
75
What is the remainder when 1053569 is divided by 72?
65
What is the remainder when 62006 is divided by 3100?
6
Calculate the remainder when 38367 is divided by 32.
31
Calculate the remainder when 7963 is divided by 970.
203
What is the remainder when 7662 is divided by 646?
556
What is the remainder when 22537 is divided by 44?
9
Calculate the remainder when 10227 is divided by 74.
15
Calculate the remainder when 95106 is divided by 95101.
5
What is the remainder when 649724 is divided by 752?
748
Calculate the remainder when 9593 is divided by 564.
5
What is the remainder when 8154 is divided by 3721?
712
Calculate the remainder when 34448 is divided by 18.
14
What is the remainder when 146374 is divided by 93?
85
What is the remainder when 4961676 is divided by 61?
58
Calculate the remainder when 7953 is divided by 874.
87
What is the remainder when 2134 is divided by 768?
598
Calculate the remainder when 4124 is divided by 2056.
12
Calculate the remainder when 28933 is divided by 41.
28
Calculate the remainder when 349163 is divided by 12.
11
Calculate the remainder when 3743 is divided by 340.
3
Calculate the remainder when 61563 is divided by 314.
19
What is the remainder when 151559 is divided by 1183?
135
What is the remainder when 89486 is divided by 56?
54
What is the remainder when 61029 is divided by 4?
1
Calculate the remainder when 3179 is divided by 3.
2
Calculate the remainder when 11639 is divided by 3182.
2093
Calculate the remainder when 14092 is divided by 3523.
0
What is the remainder when 9048 is divided by 5?
3
Calculate the remainder when 5317 is divided by 2653.
11
What is the remainder when 74004 is divided by 36889?
226
What is the remainder when 550881 is divided by 17?
13
What is the remainder when 995719 is divided by 44?
43
Calculate the remainder when 1688028 is divided by 214.
210
Calculate the remainder when 42837 is divided by 120.
117
What is the remainder when 234997 is divided by 40?
37
What is the remainder when 659 is divided by 205?
44
Calculate the remainder when 27537 is divided by 73.
16
What is the remainder when 1881 is divided by 63?
54
Calculate the remainder when 4534 is divided by 230.
164
What is the remainder when 209746 is divided by 84?
82
Calculate the remainder when 1910 is divided by 1747.
163
Calculate the remainder when 27885 is divided by 166.
163
What is the remainder when 542 is divided by 156?
74
Calculate the remainder when 60285 is divided by 471.
468
Calculate the remainder when 3977 is divided by 268.
225
What is the remainder when 102862 is divided by 9?
1
What is the remainder when 110045 is divided by 36608?
221
What is the remainder when 8883 is divided by 56?
35
Calculate the remainder when 36895 is divided by 710.
685
Calculate the remainder when 3832285 is divided by 59.
58
Calculate the remainder when 2599 is divided by 11.
3
What is the remainder when 1571 is divided by 677?
217
Calculate the remainder when 3161758 is divided by 15.
13
Calculate the remainder when 1893 is divided by 225.
93
What is the remainder when 107605 is divided by 13446?
37
What is the remainder when 394 is divided by 301?
93
Calculate the remainder when 4316 is divided by 114.
98
What is the remainder when 1498 is divided by 894?
604
Calculate the remainder when 9779 is divided by 8.
3
Calculate the remainder when 2938 is divided by 1465.
8
What is the remainder when 1207 is divided by 1183?
24
What is the remainder when 4748 is divided by 58?
50
Calculate the remainder when 989 is divided by 18.
17
What is the remainder when 32483 is divided by 28?
3
What is the remainder when 122774 is divided by 75?
74
Calculate the remainder when 5386 is divided by 142.
132
Calculate the remainder when 104893 is divided by 63.
61
What is the remainder when 1958 is divided by 461?
114
Calculate the remainder when 106637 is divided by 86.
83
Calculate the remainder when 11057 is divided by 71.
52
What is the remainder when 7827 is divided by 3717?
393
Calculate the remainder when 181415 is divided by 47.
42
Calculate the remainder when 127572 is divided by 74.
70
What is the remainder when 360657 is divided by 45080?
17
Calculate the remainder when 38407 is divided by 941.
767
What is the remainder when 5278241 is divided by 105?
101
Calculate the remainder when 9848 is divided by 51.
5
Calculate the remainder when 500082 is divided by 795.
27
What is the remainder when 773 is divided by 730?
43
What is the remainder when 22181 is divided by 11